d 477.
53
Suppose -5*y + 560 = 5*u, -362*y = u - 367*y - 124. Calculate the greatest common divisor of u and 988.
38
Let g(w) = -w**2 - 48*w - 308. Let y be g(-18). What is the highest common factor of y and 174?
58
Let c(t) = 4*t - 72 - 34*t + 52. Let b be c(-5). Calculate the greatest common divisor of 10 and b.
10
Let r(a) = a**3 + 10*a**2 + 20*a - 6. Let l be r(-7). Let b be (140/(-8))/(l/(-14)). What is the highest common divisor of b and 70?
35
Let d be ((-42)/10)/(196/(-280)). Calculate the highest common divisor of 1215 and d.
3
Let p(g) = -g**3 - 16*g**2 - 24*g - 16. Let v be p(-16). Let d = -354 + v. Calculate the highest common factor of 182 and d.
14
Suppose 10*l - 227 = -199 + 252. What is the greatest common divisor of 40 and l?
4
Suppose 525 = -681*v + 716*v. Suppose 4*o - 5*p = 940, p - 202 = -2*o + 282. Calculate the greatest common factor of o and v.
15
Let r be 0 + 0 - 2/(5 - 6). Suppose -g = -r*y - 48 + 13, 4*y = -2*g + 70. What is the greatest common divisor of g and 14?
7
Let w(t) = -2*t + 1. Let q(m) = -9*m - 38. Let b(h) = 2*q(h) + 18*w(h). Let l be b(-2). Calculate the greatest common divisor of 120 and l.
10
Suppose 361 - 67 = 4*b + 5*g, 3*g + 278 = 4*b. Let s = -41 + b. Suppose 4*j - 6*j + s = -3*r, -2*r = 8. Calculate the highest common factor of 72 and j.
9
Let x(r) = -r**2 - 17*r - 42. Let s be x(-14). Let g be 5 - ((11 - 8) + s). What is the highest common divisor of g and 98?
2
Let g(f) = -3*f**2 - 903*f - 15264. Let s be g(-18). Suppose 0 = -2*n - 3*n + 300. Calculate the highest common divisor of n and s.
6
Suppose -11*p + 435 + 3034 = -3450. What is the greatest common divisor of p and 222?
37
Let r = -38 - -53. Let a = r + -18. Let q(v) = -4*v**3 - 6*v**2 - 4*v - 3. Let u be q(a). What is the highest common divisor of 7 and u?
7
Let s be (-49610)/3157*49/(-2). What is the highest common divisor of s and 665?
35
Let a = 1254 - 1188. Let z be -132*((-100)/(-15))/(-5). What is the highest common divisor of z and a?
22
Let b = 3093 - 2984. Calculate the greatest common divisor of b and 327.
109
Suppose -233*t + 53170 = -64262. Calculate the highest common divisor of 252 and t.
252
Suppose 999 = 6*o - 321. Let c(j) = j**3 - 33*j**2 + 67*j - 67. Let n be c(31). Calculate the highest common factor of o and n.
44
Let c be 2/4*(-29 - -5). Let v be ((-16)/c)/((-2)/3). Let l be 1/(v + 1)*1485/(-15). What is the highest common factor of 9 and l?
9
Suppose -4*y + 45 + 7 = 0. Suppose -3*g - 48*r + 652 = -44*r, g = 2*r + 194. What is the highest common divisor of y and g?
13
Suppose -3495935 + 229868 = -184*i - 522443. What is the highest common factor of 31 and i?
31
Let f = -1397 - -2837. Suppose 0 = 2*w - 2*k - f, -7*k + 8*k - 2890 = -4*w. What is the greatest common divisor of w and 38?
38
Let a(z) = 512*z**3 - 6*z**2 + 5. Let i be a(1). Calculate the highest common divisor of 584 and i.
73
Let y = -449 + 770. Suppose 3*s - y - 1278 = 0. Calculate the highest common divisor of s and 26.
13
Suppose -104*g = -107*g + 3*n + 9, -3*n = 0. What is the highest common divisor of 309 and g?
3
Suppose 64488 - 21648 = 7*v. Suppose v = 27*b + 18*b. What is the greatest common factor of b and 40?
8
Let d be (-4 + 392/35)/((-6)/(-135)). Calculate the greatest common divisor of 4554 and d.
18
Suppose 1090*g - 1164*g + 3330 = 0. Suppose -29 - 7 = -y. What is the highest common divisor of g and y?
9
Let f be (2/6 - 57/(-18)) + (-159126)/(-132). What is the greatest common divisor of 155 and f?
31
Let m(c) = 107*c + 10. Suppose 0 = -2*j - a - 2, -3*j + 5*j - a - 6 = 0. Let s be m(j). Calculate the highest common factor of 81 and s.
9
Suppose 871580 = 218*z - 7396. What is the greatest common factor of z and 3276?
252
Let x = -53 + 66. Let a = x - -30. Calculate the highest common factor of 301 and a.
43
Let t be ((4 - 119/28)*3)/((-6)/1504). What is the highest common divisor of t and 8?
4
Let k(d) = 20*d + 71. Let q be k(-3). Suppose -3699 = -q*c - 1499. What is the highest common factor of 8 and c?
8
Suppose 24*t - 11110 = -2710. Calculate the highest common divisor of t and 28.
14
Let a(t) = t**3 + 19*t**2 - 43*t - 10. Let r be a(-21). Let h = 333 + -124. What is the greatest common divisor of r and h?
11
Suppose 5*m = z - 23, -2*z + 4*m - 2*m + 14 = 0. Suppose 304 + 206 = z*b. What is the highest common factor of 10 and b?
10
Let k(n) = -9847*n**3 - 6*n**2 - 10*n - 6. Let o be k(-1). What is the greatest common divisor of o and 179?
179
Let g(h) = -2*h + 2. Let d be g(0). Let f be (-33)/(-66) + 7/d. Calculate the highest common factor of 5 and f.
1
Suppose 4*n = 150*b - 153*b + 8197, -3*n = 15. What is the highest common divisor of b and 22?
11
Let f(z) = -741*z - 9842. Let q be f(-15). What is the greatest common factor of 266 and q?
19
Suppose 5*b - 3*s - s - 178 = 0, 4*s = -8. Suppose -b*g + 1150 = -9*g. Calculate the greatest common divisor of g and 414.
46
Let v = 15 - 2. Let z be (-6)/8 - (-34)/(-8). Let b be (-13)/(0 - z/(-65)). What is the highest common factor of v and b?
13
Let j = -4319 + 4439. Calculate the greatest common divisor of j and 16.
8
Suppose -123*i + 121*i + 432 = 4*s, -s = 4*i - 913. What is the highest common factor of 190 and i?
10
Let b(t) = -60*t - 728. Let v be b(-16). What is the highest common factor of v and 754?
58
Let j = -11511 - -12303. Calculate the highest common factor of j and 1408.
88
Let b be -5 - -124*(-1)/2. Let f = b + 80. What is the greatest common divisor of 39 and f?
13
Let t = 0 + -3. Suppose 100 + 116 = 54*m. Let v be m/(16/(-4))*t. What is the greatest common factor of 24 and v?
3
Let p be 19 + (2*4/8 - 2). Let q be 2*(-1)/12 - (-1083)/p. Calculate the greatest common divisor of 160 and q.
20
Suppose 156*u - 403259 - 870949 = 0. Calculate the greatest common factor of 56 and u.
8
Let p(o) be the first derivative of o**4/4 + 23*o**3/3 + 21*o**2/2 + 69*o - 80. Let w be p(-21). What is the greatest common divisor of w and 34?
34
Let o be 558/27*(-1)/((-2)/3). Let w = 64 - 126. Let n be (-31 - -10)*w/6. Calculate the greatest common factor of o and n.
31
Let c = 120 + -141. Let i(m) = -5*m + 3. Let b be i(c). Let t = -43 - -55. What is the highest common factor of t and b?
12
Let y be ((1 - 4)*48/18)/(2/(-7)). What is the greatest common divisor of 1197 and y?
7
Let w = -436 + 442. Suppose t + 736 = 4*v, 8*v - w*v - 366 = t. Calculate the highest common factor of 259 and v.
37
Let f = -47 - -113. Let u = 210 - f. What is the greatest common divisor of u and 32?
16
Let u = -132 - -66. Let v = u - -70. Let f be (-6)/(-2) + (v - -20). Calculate the greatest common factor of f and 3.
3
Let r be (-1)/(-10) + (-897)/(-230). Suppose -4*o + 224 = r*o. Calculate the greatest common factor of o and 28.
28
Let o(k) = k**2 - 32*k + 3. Let g be o(32). Let w be g/((-6)/(-104)) + (-46 - -42). What is the greatest common divisor of 168 and w?
24
Suppose 1587 = 5*j - 1293. Let g = j - 528. Calculate the greatest common divisor of 42 and g.
6
Let j be -18 + (-10 - -37) + 3*2017. Calculate the greatest common divisor of j and 135.
15
Let a = -171 - -2561. Suppose 6*s = 2566 + a. Calculate the greatest common divisor of s and 14.
14
Suppose 5*r - z - 2131 = 0, -r + z + 359 = -72. What is the greatest common divisor of 325 and r?
25
Suppose 0 = 2*h - 7*h + 25. Let v be 5 - (-4)/((-16)/20). Suppose v = -3*d + k + 275, 3*d - h*k - 376 = -81. What is the greatest common factor of d and 36?
18
Let n(k) = 8*k**2 + 6*k + 1. Let q be n(5). Let a be ((-36)/(-15))/(-2*3/20). Let b = 13 - a. Calculate the greatest common factor of b and q.
21
Suppose 341 = 9*a - 8*a. Let m = a + -261. Calculate the greatest common factor of m and 112.
16
Suppose -4*g = 16, 0*q = 3*q + 3*g. Let f(c) = -379*c**3 - q*c + 378*c**3 - 4*c**2 - 2 + 2*c**2. Let t be f(-2). What is the highest common factor of 15 and t?
3
Suppose 94 = 3*u + 4*f, -u + 4*f = u - 76. Suppose -5*j = -3*z + u, 62 = 5*z - 5*j + 12. Calculate the greatest common divisor of z and 10.
2
Suppose 0 = 7*t + 65*t - 184680. Calculate the greatest common factor of 390 and t.
15
Suppose 28*n = 16*n + 2868. What is the highest common divisor of 15296 and n?
239
Suppose 4*g - 6*g - 4*q + 2580 = 0, g - 5*q = 1290. Suppose 645*a = 640*a + g. What is the greatest common fa